et f be q(1). Let x = 25 + -2. Let i = f + x. List the prime factors of i.
2, 3
Let l = -8 + 8. Suppose l = -6*m + 3*m + 24. List the prime factors of m.
2
Let t = -2 - -4. Suppose -t*l + l + 2 = 0. Suppose -j - 21 = -y - l*j, -46 = -2*y - 4*j. What are the prime factors of y?
19
Let s(j) = j**3 + 3*j**2 + 4. Let k be s(-3). List the prime factors of 30 - k/8*-4.
2
Suppose -y + 3*d + 14 = 4*y, -30 = -5*y - 5*d. Suppose 0 = b - a - 32, -50 = -y*b + 3*b - 5*a. What are the prime factors of b?
5, 7
Let b be (-6)/(-2) - (-2 - -3). Suppose 3*s - 3*t - 33 = -0*t, b = 2*t. What are the prime factors of s?
2, 3
What are the prime factors of ((-12)/(-6)*1)/(1/3)?
2, 3
Let o = 9 - -104. What are the prime factors of o?
113
Let o = 29 - 20. Let b = o + 1. Suppose -4*v = v - b. What are the prime factors of v?
2
What are the prime factors of (-4 - -2) + 1 + (0 - -18)?
17
Suppose -1093 = -5*j + 3*a, 4*a = 6*j - j - 1094. What are the prime factors of j?
2, 109
List the prime factors of 6/18 - 1581/(-9).
2, 11
Suppose -5*w - 6 = -3*l, -w - 9 = 2*l - 0. Let i = -5 - w. List the prime factors of (0 - -2)/(i/(-6)).
2, 3
Suppose m = 2*m + 4*g + 4, 3*m - 52 = 4*g. List the prime factors of m.
2, 3
Let n(l) = 7*l**2 - l. Let o(f) = 2*f + 1. Let i be o(-1). What are the prime factors of n(i)?
2
Let g(s) = -s**2 - 6*s - 3. Suppose -6*b = -b - 20. Suppose -p = -0*p + b. List the prime factors of g(p).
5
Suppose 0 = -p + 6*p - 130. Suppose 7 = -n + p. List the prime factors of n.
19
Let l = -55 + 29. Let a = l + 44. List the prime factors of a.
2, 3
Let h be (-5)/(-2)*(-8)/(-10). What are the prime factors of (-2)/((-128)/(-68) - h)?
17
Let g(t) = -t - 1. Let o be g(-1). Suppose -2*c - 9*l + 4*l = 9, o = 3*c + l - 6. Suppose 0 = 5*d - c*d - 22. List the prime factors of d.
11
Let r = -42 + 12. List the prime factors of 1*1/(-2)*r.
3, 5
Let n(t) = -t - 3. Let u be n(-5). Suppose u*o = o + 5. List the prime factors of o.
5
Suppose 10*k - 9*k = 81. What are the prime factors of k?
3
Suppose -3*p = 3*l + p + 20, 3*p + 15 = 5*l. Suppose -2*g + g + 43 = 2*a, 5*g - 5 = l. List the prime factors of a.
3, 7
Suppose 5*w = 6*w - 12. Let m = w + -2. Suppose 4*g = y - m, -4*y + 3*g + 12 = g. List the prime factors of y.
2
Let s = 8 - 3. Let f = 7 - s. Suppose f*i + 10 = 7*i. List the prime factors of i.
2
Let y(j) be the first derivative of 3 + 1/4*j**4 + 0*j - 1/3*j**3 - 1/2*j**2. List the prime factors of y(2).
2
Suppose 5*w + 22 = -13. List the prime factors of -2 - ((-8)/2 + w).
3
Let a(i) = i**3 + 7*i**2 + 5*i - 4. What are the prime factors of a(-6)?
2
Suppose 4*z = 3*l + 26, 3*z - 21 = -0*z + 3*l. Suppose 2*b - 21 = z. What are the prime factors of -2 - 0 - (3 - b)?
2
Let j(w) = w**3 + 13*w**2 - 20*w + 9. What are the prime factors of j(-14)?
3, 31
Let s(v) = 8 + 4*v + 3*v**2 - 2*v**2 - 10. List the prime factors of s(-6).
2, 5
Suppose -114 = -2*j + 5*n, -j - 7*n = -4*n - 57. List the prime factors of j.
3, 19
Suppose 3*n + 5 - 2 = 0. Let b be ((-2)/2 + -29)*n. Suppose -r = r - b. List the prime factors of r.
3, 5
List the prime factors of (-3)/(-7) + (-848)/(-14).
61
Let w be (-15)/12*4*-1. Suppose -2*r + w*r = 57. What are the prime factors of r?
19
Suppose 3*z - 2*o - 716 = 80, 0 = 5*z - o - 1322. What are the prime factors of z?
2, 3, 11
Suppose 0 = 6*g + 4*g - 1660. List the prime factors of g.
2, 83
Let l = 64 + -18. Suppose r - l = 3*c - 13, -c - 165 = -4*r. What are the prime factors of r?
2, 3, 7
Suppose 3*x - 11 + 35 = 0. Let q = x - -2. Let y(w) = w**2 + 5*w + 2. List the prime factors of y(q).
2
Let m = 2 + -4. Let h be (0 - 2) + 2/m. Let a = 5 + h. What are the prime factors of a?
2
Suppose 0 = -q + 6*q - 240. Suppose 7*g - q = 3*g. Suppose -5*d + 3*d - 3*z = -g, -d = 3*z - 9. List the prime factors of d.
3
Let k = 275 + -176. What are the prime factors of k?
3, 11
Suppose -7*r - 12 = -8*r. Let q be (2/(-3))/(8/r). What are the prime factors of 12 + -2 + (q - 0)?
3
Let z = 56 + -61. Let o(f) = 5*f + 2. Let c(q) = 14*q + 5. Let m(j) = -4*c(j) + 11*o(j). What are the prime factors of m(z)?
7
Suppose 10 = 5*z - 15. Suppose g - 2 - 3 = -z*j, 0 = -4*g - 5*j + 20. Suppose g*y + 0*y - n = 24, -4*y = 5*n - 25. List the prime factors of y.
5
Let a(f) = -f**3 - 9*f**2 - 13*f - 8. Let q be a(-8). Suppose 0*r + q = 4*r. What are the prime factors of r?
2
Let r = 256 - 174. List the prime factors of r.
2, 41
Let v be (1 + -6)*39/(-5). Suppose -2*i + 2*q + 70 = 0, -2*q - 13 = i - v. List the prime factors of i.
2
Suppose -4*q + 7 = w + 4*w, 4*q = -w - 5. List the prime factors of (-34)/4*q*1.
17
Let n = -5 - -13. What are the prime factors of n?
2
Let z be 0/(5 + -1) + 3. Suppose 0 = 4*l + 5*s - 175, 2*l + z*l = 3*s + 265. List the prime factors of l.
2, 5
What are the prime factors of (-39 - 3)*4/(-3)?
2, 7
Let x be 6/(-12) - 18/(-4). Suppose 0 = 4*l - x*t - 96 + 40, 12 = l - 3*t. What are the prime factors of l?
3, 5
Suppose -8 + 53 = 3*u. List the prime factors of u.
3, 5
Suppose -2*h = -4*h - u + 20, -24 = -h + 3*u. List the prime factors of h.
2, 3
Let h be (-46)/4*(-7 - -3). Suppose 3*n + h = 2*y, 12 - 2 = 5*n. What are the prime factors of y?
2, 13
Suppose 2*f = -2*f + 16. Let w = 5 - 3. Suppose w*k + 63 = f*d - d, 2*d + 4*k = 26. What are the prime factors of d?
19
Let z = -68 + 123. List the prime factors of z.
5, 11
Let h be 10/(-15) + (-4)/(-6). Suppose h = -k + 5 + 18. Suppose 0 = 4*z - 5*r - k, 0*r = 4*z - 2*r - 26. What are the prime factors of z?
7
Suppose 5*k + 1 = 31. Suppose b + 1 = -k. Let j = 11 + b. What are the prime factors of j?
2
Let z be (-10)/4 - (-4)/(-8). Let o = 3 + z. What are the prime factors of 3*(20/6 - o)?
2, 5
Let i = -3 + 6. Suppose 0 = -j + 5 + i. Suppose -j*y = -4*y - 28. What are the prime factors of y?
7
Let t be 0 + -9 - (2 + -3). Let l(v) = -v - 5. List the prime factors of l(t).
3
List the prime factors of (-2 - 32/(-20))*-55.
2, 11
What are the prime factors of -4 - (12/4 - 20)?
13
Let v(w) = 2*w**3 - 4*w**2 - 6*w + 1. Let b be (-24)/(-9)*9/6. What are the prime factors of v(b)?
41
Let m = 9 + -16. Let i(k) = -k**3 - 5*k**2 - 2*k - 2. Let s be i(-5). List the prime factors of (-1 - m)*s/6.
2
Let k(n) = n + 7. Let p be k(-5). Suppose -y - j - p*j - 24 = 0, -65 = 5*y + 4*j. Let v(d) = d**3 + 8*d**2 - 9*d + 4. List the prime factors of v(y).
2
Let f = -48 + 68. Let b(i) = i**3 - 7*i**2 + 2*i - 9. Let q be b(7). Suppose -60 + f = -q*k. What are the prime factors of k?
2
Let p(j) = 2*j**2 - 3*j + 1. Let u be p(2). Suppose -6*k = -u*k - 90. List the prime factors of k.
2, 3, 5
Let h(o) be the third derivative of o**6/120 - o**5/15 - o**4/8 - 2*o**3/3 + o**2. What are the prime factors of h(6)?
2, 5
Suppose -t + 19 = -4*j + 2, 5*t + 35 = -4*j. Let f = t + 15. List the prime factors of f.
2, 3
Suppose -2*z = -2*g - 248, -6*g + 8 = -8*g. List the prime factors of z.
2, 3, 5
Let d be 52/(-6) + (-4)/12. List the prime factors of (-1)/1*(3 + d).
2, 3
Let h(x) = x**2 - 6*x - 22. What are the prime factors of h(-6)?
2, 5
Suppose 0 = m + n - 5, 0*n - n - 15 = -3*m. List the prime factors of m.
5
Let i be -2 + (2 + 4)/1. Suppose -i*c - 3*n + 0*n + 166 = 0, 5*c + 5*n = 205. List the prime factors of c.
43
Let k(i) = -i + 1. Let y(u) = -u**3 - 9*u**2 + 4*u - 16. Let z(t) = -4*k(t) - y(t). What are the prime factors of z(-9)?
2, 3
List the prime factors of -15*(-30)/25*(-17)/(-3).
2, 3, 17
Let c be (1/(-2))/(4/(-56)). Suppose c*f = 4*f + 18. Let p = f - 2. What are the prime factors of p?
2
Let l(h) = -h**2 - 8*h + 4. Let a be l(-8). Let y be 2/(-1)*(-14)/a. Let x(s) = -s**2 + 8*s + 3. What are the prime factors of x(y)?
2, 5
Let m = -70 + 150. What are the prime factors of m?
2, 5
Suppose b = 4 - 1. List the prime factors of b.
3
Let j(s) = -s**3 + 6*s**2 - 3*s - 5. List the prime factors of j(4).
3, 5
Let h be (-4)/((-3)/6 + 0). Suppose 5*b = -j + 145, -5*j + 2*b + 845 = 3*b. What are the prime factors of j/h - 3/12?
3, 7
Let q(c) = -6*c + 3*c**2 + 1 + c**3 + 2*c**2 - c**2. List the prime factors of q(-5).
2, 3
Let p be 27/45 - (-12)/5. Suppose -p*m = -2*m - 11. List the prime factors of m.
11
Let x be (68/(-2))/(-1 + 3). Let w = x + 36. What are the prime factors of w?
19
Let j = 21 + 76. What are the prime factors of j?
97
Let n(o) = -o**